?
8
Let b = -9947 + 24131. What is the tens digit of b?
8
Suppose 658 + 3608 = 6*c. Suppose 2*g = 3*k - 0*g - 1056, g - c = -2*k. What is the units digit of k?
4
Suppose y - 2 = 0, -4*o = -5*y - 283 - 2091. Let s = 390 - o. What is the units digit of s*((-5)/(-2))/(-5)?
3
Let r = -1074 - -7468. Suppose r - 2104 = 6*a. What is the tens digit of a?
1
Let o(n) be the second derivative of -n**3/3 + 5*n**2 + 21*n. Let s be o(-7). Let v = s + 56. What is the tens digit of v?
8
Suppose -25379 = -4*t + 5*x, 2*x = 2*t - 9056 - 3634. What is the hundreds digit of t?
3
Let y = -11906 + 18768. What is the units digit of y?
2
Suppose 3*s - s = 5*s. What is the tens digit of (1 - 3)*(-26 + 6 + s)?
4
Let y be (0/2)/(0 + 2). Suppose -2*f + y = -3*g - 5, -5*f + 4*g + 2 = 0. What is the tens digit of 153 + -14 + f/(-3)*6?
4
Let p(o) = o**3 - o**2 + 2*o - 262. Let h be p(0). Let r = h + 720. What is the hundreds digit of r?
4
Let t(z) = 11*z**2 - 18*z + 8. Let w(h) = -2*h + 13. Let u = -3 - -7. Let v be w(u). What is the tens digit of t(v)?
9
Let d(c) = -2*c**2 - 71*c + 116*c + 12*c**2 + 30 - 56*c + 2*c**2. What is the tens digit of d(2)?
5
Let m = 125 - 106. Let g(z) = -z**3 + 19*z**2 + z + 26. What is the units digit of g(m)?
5
Let n = -94 - -1732. Suppose 3*p = -4*p + n. What is the tens digit of p?
3
Let v be 5/(90/(-12)) + (-96)/(-9). What is the units digit of (v*-13)/(9/(-18))?
0
Let w be (1 + 150)/((-9)/(-9)*-1). Let t = -125 - w. Suppose z = -3*c + 44 + t, -4*c = -3*z + 145. What is the tens digit of z?
5
Suppose 1111*b - 1109*b - 4658 = 1226. What is the thousands digit of b?
2
Let g = 6229 + -735. What is the hundreds digit of g?
4
What is the tens digit of ((-147)/(-98))/((-2)/(-15020))?
6
Let d(x) be the third derivative of -7/60*x**5 + 1/6*x**3 + 42*x**2 - 7/24*x**4 + 1/60*x**6 + 0*x + 0. What is the units digit of d(6)?
9
Let b be (-60)/80 + (7945/4)/(-5). Let o = b - -609. What is the units digit of o?
1
Suppose 3*z + 5*n = 59, 2*z - 3*n + 86 = 6*z. Let r = 33 - z. Let q(k) = 3*k**2 - 13*k - 6. What is the tens digit of q(r)?
6
Let b(k) = -k**2 + 5*k - 3. Let f be b(3). Let i be 0/(-5 + f) - -4. Suppose -5*y = 3*l - 0*l - 104, 74 = 3*y - i*l. What is the units digit of y?
2
Suppose 4*f - 5*q = 81758, -3*q + 37852 = 2*f - 3038. What is the units digit of f?
2
Let v = 158 + -160. Let k(l) = -20*l**3 - 3*l**2 - 6*l - 9. What is the units digit of k(v)?
1
Let s(i) = 169*i**2 - 71*i - 364. What is the hundreds digit of s(11)?
3
Let z = 199 - 194. Suppose -17*k + 8580 = -z*k. What is the hundreds digit of k?
7
Suppose -3*s + 192 = -d, 5*d + 12*s = 10*s - 1011. Let n = d - -611. What is the hundreds digit of n?
4
Suppose 2*n = -3*b + 39, 0 = 3*b - 16 + 1. Suppose -x - n = x. What is the tens digit of ((-102)/(-85))/(x/(-220))?
4
Let d(x) = -4*x - 1. Let z be d(-1). Suppose 116*q = 110*q - 7848. What is the units digit of q/(-8)*2/z?
9
Let a(z) = 25*z**3 - 2*z**2 - 29*z + 82. What is the tens digit of a(8)?
2
Suppose 93743 + 125496 - 33354 = 7*p. What is the ten thousands digit of p?
2
Let j = 7333 - 4911. Suppose 5*h + 48*v - j = 51*v, -3*h - 5*v = -1460. What is the hundreds digit of h?
4
Let s = -1175 + 2240. What is the thousands digit of s?
1
Let h(q) = -6*q - 9. Let l be h(-2). What is the tens digit of l - (4 - (-1 + 115))?
1
Suppose -2885054 - 1382384 = -133*j. What is the tens digit of j?
8
Let n be 2/(-4) + 4134/(-52). Let j = 373 - n. What is the units digit of j?
3
Let k(v) = 2*v**2 - 53*v + 14241. What is the units digit of k(0)?
1
Let i(j) = j**3 - 28*j**2 - j + 29. Let u be i(28). Let g be (2 - u) + -5 + 188. Let l = 346 - g. What is the tens digit of l?
6
Let h(u) = -86*u**3 - u**2 + 2*u + 3. Let b = 392 - 393. What is the units digit of h(b)?
6
Suppose 6 = -4*k + m + 23522, 3*k - 17614 = -5*m. What is the tens digit of k?
7
Let b be -1 + 0 + (2 - -1951 - -1). Suppose -6*r + b = -711. What is the units digit of r?
4
What is the tens digit of (-13 - -5)/((8/(-16))/(9249/6))?
6
Let q(s) = -17*s + 6. Let u be q(3). Let y = 22 - u. Suppose -3*m - 5*a = -163, 4*a + y = 2*m - 71. What is the tens digit of m?
6
Suppose -z + 11063 = 4*g + 17, 5*z = -10. What is the thousands digit of g?
2
Suppose 0 = 5*l, -2*b = -9*l + 12*l - 412. Let c = -115 + b. What is the tens digit of c?
9
Let v(b) = b - 11. Let c be v(11). Suppose 4*x + 3*a - 545 - 65 = c, a = -x + 152. What is the units digit of x/6 + (-18)/27?
5
Let f(h) = -29*h**3 - 12*h**2 - 11*h + 34. What is the hundreds digit of f(-8)?
2
Suppose -5*f - 31*r = -28*r - 257, -3*f - r = -151. Let a = f + -44. What is the units digit of a?
5
Suppose -4 = -3*n + n. Suppose 5*o - 49 = 4*q, 0*o + 5*q - 31 = -4*o. Suppose n*g - 47 = o. What is the units digit of g?
8
Suppose -4*r - 183 = r + 3*o, -r + 2*o - 34 = 0. Let p = 39 - r. Suppose 4*x + m = 87, -4*x + 3*m + p = -0*m. What is the tens digit of x?
2
Let k(h) = 61*h + 838. What is the tens digit of k(-13)?
4
Let i be 5/(15/(-6)) - -17. Suppose 3*y + 28 = 2*g + 5*y, 0 = -g + y + 8. What is the tens digit of ((-16)/(-3) + 10/i)*g?
6
Let n = -6846 + 12686. What is the thousands digit of n?
5
Suppose -66*r - 5*r = 63*r - 300696. What is the thousands digit of r?
2
Let k(g) be the third derivative of g**5/12 - 25*g**4/24 + 17*g**3/2 + 7*g**2 - 11*g. What is the thousands digit of k(-14)?
1
Suppose 5*w = 8*w - 6*w. Suppose 6*o + w*o = 780. What is the units digit of o?
0
Suppose 160 = 2*r + 154, 0 = -c + 2*r + 41422. What is the tens digit of c?
2
Suppose 5*g - 52 = -2*c, 4*g + c = g + 31. What is the tens digit of (-1204)/(-1)*g/20?
0
Suppose -5*t + 10 = 5*q, 5*q - 10 = -2*t - 0*q. Suppose -5*f - 4*p = -6*p - 1114, -f - 4*p + 214 = t. What is the hundreds digit of f?
2
Suppose 387*t - 2956192 - 1334676 = 4196816. What is the tens digit of t?
3
Let a(f) be the second derivative of 5*f**5/24 + 7*f**3/6 + 17*f. Let s(g) be the second derivative of a(g). What is the tens digit of s(1)?
2
Suppose -3*u + 4*u = 0. Suppose u = z - 2*d + 5, 0*z = -3*z - d + 13. Suppose -c + z*m = -50, 10 = c - 2*m - 35. What is the tens digit of c?
3
What is the thousands digit of (-2196480)/(-230) - 6/(-69)?
9
Let w be 11/44*(-4)/3*0. Suppose w*h + 10*h - 3220 = 0. What is the hundreds digit of h?
3
Let y = 10 + 5. Let w = y - 63. What is the units digit of ((-45)/12 - -3)*w?
6
Let d be ((-18)/(-15))/((-36)/2400). Suppose 11 = 2*r - 15. Let f = r - d. What is the tens digit of f?
9
What is the ten thousands digit of (165/11 + -14)*11277?
1
Suppose -3*p + 4*j + 6 = 0, j + j - 10 = -5*p. Suppose -4*d - 56 = 5*n, -23 = 3*d + n - p*n. What is the units digit of 16/(0 - 2)*(d - -8)?
8
Let n = -3194 - -44758. What is the thousands digit of n?
1
Let i(r) be the second derivative of r**3/6 + 11*r**2/2 + 3*r. Let a be i(-8). Suppose -5*q = -a*x + 252, -64 = -x - 8*q + 3*q. What is the tens digit of x?
7
Let j(k) be the third derivative of 4/3*k**3 - 2*k**2 + 1/6*k**5 - 1/3*k**4 + 0*k + 0 + 1/120*k**6. What is the units digit of j(-6)?
0
Suppose 295*s = 3*g + 298*s - 68253, -g + s + 22767 = 0. What is the ten thousands digit of g?
2
Suppose 4*d = 5*l - 196, 7*l + 20 = 12*l. Let r be 28/(-3 + (-140)/d). Let w = r - 16. What is the tens digit of w?
3
Suppose -5*b + 24 = -121. Suppose 0 = p + 33 - b. What is the units digit of ((-9)/(-24)*p)/(6/(-8))?
2
Let v(j) = -14*j**2 - 23*j - 48. Let t be v(-6). Let g = 764 + t. What is the units digit of g?
0
Let d(r) = -4*r - 3. Let u be d(-2). Suppose 633*c - 1936 = 622*c. Suppose a = u*a - c. What is the units digit of a?
4
Let x(r) = 17953*r - 2868. What is the thousands digit of x(4)?
8
Let m = 38354 - -11296. What is the tens digit of m?
5
What is the units digit of (24/15 - 2) + 165*228439/775?
5
Let r(w) = w**3 - 34*w**2 - 50*w + 69. What is the hundreds digit of r(37)?
3
What is the units digit of -2 + ((11 - 11)/(1 + 0) - -679)?
7
Suppose 0 = -3*k - 5*w + 258, -w = 3*k - 192 - 78. Let g = k - -539. What is the hundreds digit of g?
6
Let g be 753/(-1) + (-3 - -4) - 0. Let j = 1346 + g. Let v = j - 395. What is the units digit of v?
9
Let h(d) = 317*d**2 - 5*d - 25. What is the tens digit of h(4)?
2
Let n = 5286 - -14816. What is the tens digit of n?
0
Let w(j) = 4*j + 7. Let t be -2 - (-4 + 2 - 4). Let r be (-27)/(-6) - (-2)/t. What is the u